{"id":909,"date":"2025-02-14T14:11:06","date_gmt":"2025-02-14T13:11:06","guid":{"rendered":"http:\/\/dev.lebenshilfe-ohz.de.w01ed883.kasserver.com\/?page_id=909"},"modified":"2025-02-19T17:14:41","modified_gmt":"2025-02-19T16:14:41","slug":"suchergebnisse","status":"publish","type":"page","link":"https:\/\/www.lebenshilfe-ohz.de\/leicht\/suchergebnisse\/","title":{"rendered":"Suchergebnisse"},"content":{"rendered":"<section class=\"l-section wpb_row us_custom_3188818e hide_on_default hide_on_laptops height_auto\"><div class=\"l-section-h i-cf\"><div class=\"g-cols vc_row via_flex valign_top type_default stacking_default\"><div class=\"vc_col-sm-12 wpb_column vc_column_container\"><div class=\"vc_column-inner\"><div class=\"wpb_wrapper\"><div class=\"lbh-lang-switch\"><div class=\"field-wrap\" data-href=\"https:\/\/www.lebenshilfe-ohz.de\/wp-json\/wp\/v2\/pages\/909\/\"><label for=\"lang_leicht\"><i class=\"icon icon-einfache-sprache\"><\/i>Leichte Sprache<\/label><input type=\"checkbox\" id=\"lang_leicht\" name=\"lang_leicht\" checked\/><\/div><\/div><\/div><\/div><\/div><\/div><\/div><\/section><section class=\"l-section wpb_row height_custom\"><div class=\"l-section-h i-cf\"><div class=\"g-cols vc_row via_flex valign_top type_default stacking_default\"><div class=\"vc_col-sm-12 wpb_column vc_column_container\"><div class=\"vc_column-inner\"><div class=\"wpb_wrapper\"><div class=\"wpb_text_column\"><div class=\"wpb_wrapper\"><h1>Suchergebnisse<\/h1>\n<\/div><\/div><\/div><\/div><\/div><\/div><\/div><\/section><section class=\"l-section wpb_row height_custom\"><div class=\"l-section-h i-cf\"><div class=\"g-cols vc_row via_flex valign_top type_default stacking_default\"><div class=\"vc_col-sm-12 wpb_column vc_column_container\"><div class=\"vc_column-inner\"><div class=\"wpb_wrapper\"><div class=\"w-grid us_post_list for_current_wp_query apply_url_params type_grid layout_1108 cols_1 preload_style_spinner\" id=\"us_post_list_wf7f\" style=\"--columns:1;--gap:1.5rem;\"><style>.layout_1108 .w-grid-item-h{}<\/style><div class=\"w-grid-list\">\t<article class=\"w-grid-item size_1x1 post-272 post type-post status-publish format-standard hentry category-jobs\" data-id=\"272\">\r\n\t\t<div class=\"w-grid-item-h\">\r\n\t\t\t\t\t\t<h2 class=\"w-post-elm post_title usg_post_title_1 entry-title color_link_inherit\"><a href=\"https:\/\/www.lebenshilfe-ohz.de\/leicht\/speeddating-mit-den-zukuenftigen-paedagogischen-fachkraeften\/\">Speeddating mit den zuk\u00fcnftigen p\u00e4dagogischen Fachkr\u00e4ften<\/a><\/h2><div class=\"w-post-elm post_content usg_post_content_1\"><p>Auch in diesem Jahr beteiligte sich die Lebenshilfe Osterholz an dem Speeddating der Berufsbildenden Schule in Osterholz-Scharmbeck. In insgesamt f\u00fcnf Durchg\u00e4ngen \u00e1 8 Minuten konnten Frau Rohman, Herr Schmidt-Sonnenberg und Herr T\u00fcllmann den Abschlussklassen der Erzieher und Sozialassistenten die Lebenshilfe Osterholz kurz und knapp vorstellen. <\/p>\n<\/div>\t\t<\/div>\r\n\t\t\t<\/article>\r\n\t<article class=\"w-grid-item size_1x1 post-277 post type-post status-publish format-standard has-post-thumbnail hentry category-lebenshilfe\" data-id=\"277\">\r\n\t\t<div class=\"w-grid-item-h\">\r\n\t\t\t\t\t\t<h2 class=\"w-post-elm post_title usg_post_title_1 entry-title color_link_inherit\"><a href=\"https:\/\/www.lebenshilfe-ohz.de\/leicht\/lebenshilfe-auf-der-50-jahr-feier-der-schule-am-klosterplatz-vertreten\/\">Lebenshilfe auf der 50-Jahr-Feier der Schule am Klosterplatz vertreten<\/a><\/h2><div class=\"w-post-elm post_content usg_post_content_1\">Die Schule am Klosterplatz ist die F\u00f6rderschule f\u00fcr den Schwerpunkt geistige Entwicklung im Landkreis Osterholz. Sie beschult ca. 100 Sch\u00fclerinnen und Sch\u00fcler an verschiedenen Standorten im gesamten Landkreis. Die Schule&hellip;<\/div>\t\t<\/div>\r\n\t\t\t<\/article>\r\n\t<article class=\"w-grid-item size_1x1 post-285 post type-post status-publish format-standard hentry category-daycare\" data-id=\"285\">\r\n\t\t<div class=\"w-grid-item-h\">\r\n\t\t\t\t\t\t<h2 class=\"w-post-elm post_title usg_post_title_1 entry-title color_link_inherit\"><a href=\"https:\/\/www.lebenshilfe-ohz.de\/leicht\/es-bleibt-viel-zu-tun\/\">Es bleibt viel zu tun!<\/a><\/h2><div class=\"w-post-elm post_content usg_post_content_1\"><p>Die personelle Situation in Kindertagesst\u00e4tten ist weiterhin angespannt.<\/p>\n<\/div>\t\t<\/div>\r\n\t\t\t<\/article>\r\n\t<article class=\"w-grid-item size_1x1 post-287 post type-post status-publish format-standard hentry category-lebenshilfe\" data-id=\"287\">\r\n\t\t<div class=\"w-grid-item-h\">\r\n\t\t\t\t\t\t<h2 class=\"w-post-elm post_title usg_post_title_1 entry-title color_link_inherit\"><a href=\"https:\/\/www.lebenshilfe-ohz.de\/leicht\/mit-der-kraft-der-sonne\/\">Mit der Kraft der Sonne<\/a><\/h2><div class=\"w-post-elm post_content usg_post_content_1\">Mit der Kraft der Sonne:\u00a0Eine wichtige S\u00e4ule der Energiewende ist die Photovoltaik. Mit reiner Kraft der Sonne, k\u00f6nnen wir kosteng\u00fcnstig und klimafreundlich unseren Strombedarf um \u00fcber 70% decken. Mit einer&hellip;<\/div>\t\t<\/div>\r\n\t\t\t<\/article>\r\n\t<article class=\"w-grid-item size_1x1 post-290 post type-post status-publish format-standard hentry category-lebenshilfe\" data-id=\"290\">\r\n\t\t<div class=\"w-grid-item-h\">\r\n\t\t\t\t\t\t<h2 class=\"w-post-elm post_title usg_post_title_1 entry-title color_link_inherit\"><a href=\"https:\/\/www.lebenshilfe-ohz.de\/leicht\/hand-in-hand-fuer-norddeutschland\/\">Hand in Hand f\u00fcr Norddeutschland<\/a><\/h2><div class=\"w-post-elm post_content usg_post_content_1\">In diesem Jahr ist die Lebenshilfe Partner der NDR-Benefizaktion &#8220;Hand in Hand f\u00fcr Norddeutschland!&#8221;. Das Motto lautet: &#8220;Besser zusammen! Der NDR mit der Lebenshilfe f\u00fcr Menschen mit Behinderung&#8221; Hier erhalten&hellip;<\/div>\t\t<\/div>\r\n\t\t\t<\/article>\r\n\t<article class=\"w-grid-item size_1x1 post-294 post type-post status-publish format-standard hentry category-lebenshilfe\" data-id=\"294\">\r\n\t\t<div class=\"w-grid-item-h\">\r\n\t\t\t\t\t\t<h2 class=\"w-post-elm post_title usg_post_title_1 entry-title color_link_inherit\"><a href=\"https:\/\/www.lebenshilfe-ohz.de\/leicht\/jede-spende-ist-ein-geschenk\/\">Jede Spende ist ein Geschenk.<\/a><\/h2><div class=\"w-post-elm post_content usg_post_content_1\">Immer zum Jahresende spendet der Abfall-Service Osterholz (ASO) GmbH an ein gemeinn\u00fctziges Projekt im Landkreis. Dieses Jahr durfte die Lebenshilfe Osterholz diese gro\u00dfz\u00fcgige Spende entgegennehmen. Das freut uns sehr! Die&hellip;<\/div>\t\t<\/div>\r\n\t\t\t<\/article>\r\n\t<article class=\"w-grid-item size_1x1 post-1741 post type-post status-publish format-standard hentry category-family\" data-id=\"1741\">\r\n\t\t<div class=\"w-grid-item-h\">\r\n\t\t\t\t\t\t<h2 class=\"w-post-elm post_title usg_post_title_1 entry-title color_link_inherit\"><a href=\"https:\/\/www.lebenshilfe-ohz.de\/leicht\/bank-der-vielfalt-jugendfeuerwehr-setzt-kreatives-zeichen-fuer-inklusion-2\/\">\u201eBank der Vielfalt\u201c: Jugendfeuerwehr setzt kreatives Zeichen f\u00fcr Inklusion<\/a><\/h2><div class=\"w-post-elm post_content usg_post_content_1\">Die Lebenshilfe Osterholz freut sich \u00fcber ein ganz besonderes Geschenk: Eine bunt gestaltete Sitzbank, die im Rahmen eines Gemeinschaftsprojekts mit der Jugendfeuerwehr Osterholz-Scharmbeck, der Justizvollzugsanstalt Bremen sowie den Firmen Malerei&hellip;<\/div>\t\t<\/div>\r\n\t\t\t<\/article>\r\n\t<article class=\"w-grid-item size_1x1 post-1779 post type-post status-publish format-standard hentry category-lebenshilfe\" data-id=\"1779\">\r\n\t\t<div class=\"w-grid-item-h\">\r\n\t\t\t\t\t\t<h2 class=\"w-post-elm post_title usg_post_title_1 entry-title color_link_inherit\"><a href=\"https:\/\/www.lebenshilfe-ohz.de\/leicht\/mitgliederversammlung-der-lebenshilfe-osterholz-rueckblick-auf-einen-besonderen-abend\/\">Mitgliederversammlung der Lebenshilfe Osterholz \u2013 R\u00fcckblick auf einen besonderen Abend<\/a><\/h2><div class=\"w-post-elm post_content usg_post_content_1\">Am 30. September 2025 fand die diesj\u00e4hrige Mitgliederversammlung der Lebenshilfe Kreisvereinigung Osterholz e.V. statt. Zahlreiche Mitglieder und G\u00e4ste kamen zusammen, um sich \u00fcber die Entwicklungen des Vereins zu informieren, gemeinsam&hellip;<\/div>\t\t<\/div>\r\n\t\t\t<\/article>\r\n\t<article class=\"w-grid-item size_1x1 post-297 post type-post status-publish format-standard hentry category-family\" data-id=\"297\">\r\n\t\t<div class=\"w-grid-item-h\">\r\n\t\t\t\t\t\t<h2 class=\"w-post-elm post_title usg_post_title_1 entry-title color_link_inherit\"><a href=\"https:\/\/www.lebenshilfe-ohz.de\/leicht\/ferien-und-freizeitangebote-das-programmheft-2026-ist-online\/\">Ferien- und Freizeitangebote: Das Programmheft 2026 ist online!<\/a><\/h2><div class=\"w-post-elm post_content usg_post_content_1\"><p>Wir freuen uns, Ihnen die Freizeitangebote der Lebenshilfe Osterholz f\u00fcr das Jahr 2026 zu pr\u00e4sentieren.<br \/>\nAuch in diesem Jahr bieten die Offenen Hilfen eine bunte Vielfalt von unterschiedlichen Tages-, Wochenend- und Gruppenaktivit\u00e4ten f\u00fcr Kinder, Jugendliche und Erwachsene an. F\u00fcr jeden Geschmack ist etwas dabei &#8211; \u00fcberzeugen Sie sich beim St\u00f6bern im neuen Programmheft!<\/p>\n<\/div>\t\t<\/div>\r\n\t\t\t<\/article>\r\n\t<article class=\"w-grid-item size_1x1 post-1979 post type-post status-publish format-standard hentry category-family\" data-id=\"1979\">\r\n\t\t<div class=\"w-grid-item-h\">\r\n\t\t\t\t\t\t<h2 class=\"w-post-elm post_title usg_post_title_1 entry-title color_link_inherit\"><a href=\"https:\/\/www.lebenshilfe-ohz.de\/leicht\/film-ab-fuer-vielfalt\/\">Film ab f\u00fcr Vielfalt!<\/a><\/h2><div class=\"w-post-elm post_content usg_post_content_1\">Dies ist das erste Angebot von insgesamt 4 Veranstaltungen dieser Art mit unterschiedlichen Themenschwerpunkten. Interessierte k\u00f6nnen sich selbstverst\u00e4ndlich ebenfalls \u00fcber die bekannten Kontakte des Familien unterst\u00fctzenden Dienstes hierf\u00fcr anmelden. Wir&hellip;<\/div>\t\t<\/div>\r\n\t\t\t<\/article>\r\n<\/div><div class=\"g-loadmore hidden\"><div class=\"g-preloader type_1\"><div><\/div><\/div><\/div><div class=\"w-grid-list-json hidden\" onclick='return {&quot;max_num_pages&quot;:0,&quot;paginationBase&quot;:&quot;page&quot;,&quot;pagination&quot;:&quot;none&quot;,&quot;paged&quot;:1,&quot;ajaxData&quot;:{&quot;us_ajax_list_pagination&quot;:1,&quot;us_ajax_list_index&quot;:0,&quot;found_posts&quot;:0,&quot;list_filters&quot;:&quot;[]&quot;},&quot;facetedFilter&quot;:{&quot;query_args_unfiltered&quot;:&quot;{\\&quot;ignore_sticky_posts\\&quot;:true,\\&quot;post__not_in\\&quot;:[],\\&quot;tax_query\\&quot;:[],\\&quot;meta_query\\&quot;:[],\\&quot;posts_per_page\\&quot;:null,\\&quot;paged\\&quot;:1,\\&quot;apply_list_url_params\\&quot;:true,\\&quot;no_found_rows\\&quot;:true,\\&quot;post_status\\&quot;:\\&quot;publish\\&quot;}&quot;},&quot;ajaxUrl&quot;:&quot;https:\\\/\\\/www.lebenshilfe-ohz.de\\\/leicht\\\/wp-json\\\/wp\\\/v2\\\/pages\\\/909\\\/?paged=%7Bnum_page%7D&quot;}'><\/div><\/div><\/div><\/div><\/div><\/div><\/div><\/section>\n","protected":false},"excerpt":{"rendered":"Dies ist das erste Angebot von insgesamt 4 Veranstaltungen dieser Art mit unterschiedlichen Themenschwerpunkten. Interessierte k\u00f6nnen sich selbstverst\u00e4ndlich ebenfalls \u00fcber die bekannten Kontakte des Familien unterst\u00fctzenden Dienstes hierf\u00fcr anmelden. Wir freuen uns auf Ihren Besuch!","protected":false},"author":1,"featured_media":0,"parent":0,"menu_order":0,"comment_status":"closed","ping_status":"closed","template":"","meta":{"_acf_changed":false,"footnotes":""},"categories":[4],"class_list":["post-909","page","type-page","status-publish","hentry","category-lebenshilfe"],"acf":[],"yoast_head":"<!-- This site is optimized with the Yoast SEO plugin v27.5 - https:\/\/yoast.com\/product\/yoast-seo-wordpress\/ -->\n<title>Suchergebnisse | Lebenshilfe Osterholz<\/title>\n<meta name=\"robots\" content=\"index, follow, max-snippet:-1, max-image-preview:large, max-video-preview:-1\" \/>\n<link rel=\"canonical\" href=\"https:\/\/www.lebenshilfe-ohz.de\/suchergebnisse\/\" \/>\n<meta property=\"og:locale\" content=\"de_DE\" \/>\n<meta property=\"og:type\" content=\"article\" \/>\n<meta property=\"og:title\" content=\"Suchergebnisse | Lebenshilfe Osterholz\" \/>\n<meta property=\"og:url\" content=\"https:\/\/www.lebenshilfe-ohz.de\/suchergebnisse\/\" \/>\n<meta property=\"og:site_name\" content=\"Lebenshilfe Osterholz\" \/>\n<meta property=\"article:modified_time\" content=\"2025-02-19T16:14:41+00:00\" \/>\n<meta name=\"twitter:card\" content=\"summary_large_image\" \/>\n<meta name=\"twitter:label1\" content=\"Est. reading time\" \/>\n\t<meta name=\"twitter:data1\" content=\"1 minute\" \/>\n<script type=\"application\/ld+json\" class=\"yoast-schema-graph\">{\"@context\":\"https:\\\/\\\/schema.org\",\"@graph\":[{\"@type\":\"WebPage\",\"@id\":\"https:\\\/\\\/www.lebenshilfe-ohz.de\\\/suchergebnisse\\\/\",\"url\":\"https:\\\/\\\/www.lebenshilfe-ohz.de\\\/suchergebnisse\\\/\",\"name\":\"Suchergebnisse | Lebenshilfe Osterholz\",\"isPartOf\":{\"@id\":\"https:\\\/\\\/www.lebenshilfe-ohz.de\\\/#website\"},\"datePublished\":\"2025-02-14T13:11:06+00:00\",\"dateModified\":\"2025-02-19T16:14:41+00:00\",\"breadcrumb\":{\"@id\":\"https:\\\/\\\/www.lebenshilfe-ohz.de\\\/suchergebnisse\\\/#breadcrumb\"},\"inLanguage\":\"de-LS\",\"potentialAction\":[{\"@type\":\"ReadAction\",\"target\":[\"https:\\\/\\\/www.lebenshilfe-ohz.de\\\/suchergebnisse\\\/\"]}]},{\"@type\":\"BreadcrumbList\",\"@id\":\"https:\\\/\\\/www.lebenshilfe-ohz.de\\\/suchergebnisse\\\/#breadcrumb\",\"itemListElement\":[{\"@type\":\"ListItem\",\"position\":1,\"name\":\"Startseite\",\"item\":\"https:\\\/\\\/www.lebenshilfe-ohz.de\\\/leicht\\\/\"},{\"@type\":\"ListItem\",\"position\":2,\"name\":\"Suchergebnisse\"}]},{\"@type\":\"WebSite\",\"@id\":\"https:\\\/\\\/www.lebenshilfe-ohz.de\\\/#website\",\"url\":\"https:\\\/\\\/www.lebenshilfe-ohz.de\\\/\",\"name\":\"Lebenshilfe Osterholz\",\"description\":\"\",\"potentialAction\":[{\"@type\":\"SearchAction\",\"target\":{\"@type\":\"EntryPoint\",\"urlTemplate\":\"https:\\\/\\\/www.lebenshilfe-ohz.de\\\/?s={search_term_string}\"},\"query-input\":{\"@type\":\"PropertyValueSpecification\",\"valueRequired\":true,\"valueName\":\"search_term_string\"}}],\"inLanguage\":\"de-LS\"}]}<\/script>\n<!-- \/ Yoast SEO plugin. -->","yoast_head_json":{"title":"Suchergebnisse | Lebenshilfe Osterholz","robots":{"index":"index","follow":"follow","max-snippet":"max-snippet:-1","max-image-preview":"max-image-preview:large","max-video-preview":"max-video-preview:-1"},"canonical":"https:\/\/www.lebenshilfe-ohz.de\/suchergebnisse\/","og_locale":"de_DE","og_type":"article","og_title":"Suchergebnisse | Lebenshilfe Osterholz","og_url":"https:\/\/www.lebenshilfe-ohz.de\/suchergebnisse\/","og_site_name":"Lebenshilfe Osterholz","article_modified_time":"2025-02-19T16:14:41+00:00","twitter_card":"summary_large_image","twitter_misc":{"Est. reading time":"1 minute"},"schema":{"@context":"https:\/\/schema.org","@graph":[{"@type":"WebPage","@id":"https:\/\/www.lebenshilfe-ohz.de\/suchergebnisse\/","url":"https:\/\/www.lebenshilfe-ohz.de\/suchergebnisse\/","name":"Suchergebnisse | Lebenshilfe Osterholz","isPartOf":{"@id":"https:\/\/www.lebenshilfe-ohz.de\/#website"},"datePublished":"2025-02-14T13:11:06+00:00","dateModified":"2025-02-19T16:14:41+00:00","breadcrumb":{"@id":"https:\/\/www.lebenshilfe-ohz.de\/suchergebnisse\/#breadcrumb"},"inLanguage":"de-LS","potentialAction":[{"@type":"ReadAction","target":["https:\/\/www.lebenshilfe-ohz.de\/suchergebnisse\/"]}]},{"@type":"BreadcrumbList","@id":"https:\/\/www.lebenshilfe-ohz.de\/suchergebnisse\/#breadcrumb","itemListElement":[{"@type":"ListItem","position":1,"name":"Startseite","item":"https:\/\/www.lebenshilfe-ohz.de\/leicht\/"},{"@type":"ListItem","position":2,"name":"Suchergebnisse"}]},{"@type":"WebSite","@id":"https:\/\/www.lebenshilfe-ohz.de\/#website","url":"https:\/\/www.lebenshilfe-ohz.de\/","name":"Lebenshilfe Osterholz","description":"","potentialAction":[{"@type":"SearchAction","target":{"@type":"EntryPoint","urlTemplate":"https:\/\/www.lebenshilfe-ohz.de\/?s={search_term_string}"},"query-input":{"@type":"PropertyValueSpecification","valueRequired":true,"valueName":"search_term_string"}}],"inLanguage":"de-LS"}]}},"_links":{"self":[{"href":"https:\/\/www.lebenshilfe-ohz.de\/leicht\/wp-json\/wp\/v2\/pages\/909","targetHints":{"allow":["GET"]}}],"collection":[{"href":"https:\/\/www.lebenshilfe-ohz.de\/leicht\/wp-json\/wp\/v2\/pages"}],"about":[{"href":"https:\/\/www.lebenshilfe-ohz.de\/leicht\/wp-json\/wp\/v2\/types\/page"}],"author":[{"embeddable":true,"href":"https:\/\/www.lebenshilfe-ohz.de\/leicht\/wp-json\/wp\/v2\/users\/1"}],"replies":[{"embeddable":true,"href":"https:\/\/www.lebenshilfe-ohz.de\/leicht\/wp-json\/wp\/v2\/comments?post=909"}],"version-history":[{"count":5,"href":"https:\/\/www.lebenshilfe-ohz.de\/leicht\/wp-json\/wp\/v2\/pages\/909\/revisions"}],"predecessor-version":[{"id":1443,"href":"https:\/\/www.lebenshilfe-ohz.de\/leicht\/wp-json\/wp\/v2\/pages\/909\/revisions\/1443"}],"wp:attachment":[{"href":"https:\/\/www.lebenshilfe-ohz.de\/leicht\/wp-json\/wp\/v2\/media?parent=909"}],"wp:term":[{"taxonomy":"category","embeddable":true,"href":"https:\/\/www.lebenshilfe-ohz.de\/leicht\/wp-json\/wp\/v2\/categories?post=909"}],"curies":[{"name":"wp","href":"https:\/\/api.w.org\/{rel}","templated":true}]}}